{"id":860,"date":"2024-11-30T17:09:58","date_gmt":"2024-11-30T17:09:58","guid":{"rendered":"https:\/\/oidaeditorial.com\/?page_id=860"},"modified":"2024-11-30T19:44:26","modified_gmt":"2024-11-30T19:44:26","slug":"irse-de-casa-lola-f-de-sevilla-audiolibro-teatral-infantil","status":"publish","type":"page","link":"https:\/\/oidaeditorial.com\/index.php\/publicaciones-audiolibro-teatral\/irse-de-casa-lola-f-de-sevilla-audiolibro-teatral-infantil\/","title":{"rendered":"IRSE DE CASA de Lola Fern\u00e1ndez de Sevilla | Audiolibro teatral infantil"},"content":{"rendered":"\n<p class=\"has-text-align-center\">Oid\u00e0 Editorial, 2024<br>Colecci\u00f3n Teatro para la Infancia y Juventud<\/p>\n\n\n\n<figure data-wp-context=\"{&quot;imageId&quot;:&quot;6a071364a13d7&quot;}\" data-wp-interactive=\"core\/image\" data-wp-key=\"6a071364a13d7\" class=\"wp-block-image aligncenter size-large is-resized wp-lightbox-container\"><img data-opt-id=730483558  fetchpriority=\"high\" decoding=\"async\" width=\"500\" height=\"500\" data-wp-class--hide=\"state.isContentHidden\" data-wp-class--show=\"state.isContentVisible\" data-wp-init=\"callbacks.setButtonStyles\" data-wp-on--click=\"actions.showLightbox\" data-wp-on--load=\"callbacks.setButtonStyles\" data-wp-on-window--resize=\"callbacks.setButtonStyles\" src=\"https:\/\/mlfuar0h46fq.i.optimole.com\/w:auto\/h:auto\/q:mauto\/ig:avif\/https:\/\/oidaeditorial.com\/wp-content\/uploads\/2024\/11\/9788412694086-500x500-1.png\" alt=\"\" class=\"wp-image-851\" style=\"width:503px;height:auto\" srcset=\"https:\/\/mlfuar0h46fq.i.optimole.com\/w:500\/h:500\/q:mauto\/ig:avif\/https:\/\/oidaeditorial.com\/wp-content\/uploads\/2024\/11\/9788412694086-500x500-1.png 500w, https:\/\/mlfuar0h46fq.i.optimole.com\/w:300\/h:300\/q:mauto\/ig:avif\/https:\/\/oidaeditorial.com\/wp-content\/uploads\/2024\/11\/9788412694086-500x500-1.png 300w, https:\/\/mlfuar0h46fq.i.optimole.com\/w:150\/h:150\/q:mauto\/ig:avif\/https:\/\/oidaeditorial.com\/wp-content\/uploads\/2024\/11\/9788412694086-500x500-1.png 150w, https:\/\/mlfuar0h46fq.i.optimole.com\/w:100\/h:100\/q:mauto\/ig:avif\/dpr:2\/https:\/\/oidaeditorial.com\/wp-content\/uploads\/2024\/11\/9788412694086-500x500-1.png 100w\" sizes=\"(max-width: 500px) 100vw, 500px\" \/><button\n\t\t\tclass=\"lightbox-trigger\"\n\t\t\ttype=\"button\"\n\t\t\taria-haspopup=\"dialog\"\n\t\t\taria-label=\"Agrandar\"\n\t\t\tdata-wp-init=\"callbacks.initTriggerButton\"\n\t\t\tdata-wp-on--click=\"actions.showLightbox\"\n\t\t\tdata-wp-style--right=\"state.imageButtonRight\"\n\t\t\tdata-wp-style--top=\"state.imageButtonTop\"\n\t\t>\n\t\t\t<svg xmlns=\"http:\/\/www.w3.org\/2000\/svg\" width=\"12\" height=\"12\" fill=\"none\" viewBox=\"0 0 12 12\">\n\t\t\t\t<path fill=\"#fff\" d=\"M2 0a2 2 0 0 0-2 2v2h1.5V2a.5.5 0 0 1 .5-.5h2V0H2Zm2 10.5H2a.5.5 0 0 1-.5-.5V8H0v2a2 2 0 0 0 2 2h2v-1.5ZM8 12v-1.5h2a.5.5 0 0 0 .5-.5V8H12v2a2 2 0 0 1-2 2H8Zm2-12a2 2 0 0 1 2 2v2h-1.5V2a.5.5 0 0 0-.5-.5H8V0h2Z\" \/>\n\t\t\t<\/svg>\n\t\t<\/button><\/figure>\n\n\n\n<h5 class=\"wp-block-heading has-text-align-center\"><br>DESCRIPCI\u00d3N<\/h5>\n\n\n\n<p class=\"has-text-align-center\">\u00abEscribir <em>Irse de casa<\/em> fue jugoso, divertido y bonito. Bueno, y tambi\u00e9n un poco terror\u00edfico durante unos d\u00edas, la verdad, porque pensaba que no iba a ser capaz de conseguir poner en el papel lo que ten\u00eda en la cabeza: todas esas im\u00e1genes que iban surgiendo sobre la ciudad, los vuelos espaciales, el calamar gigante de un solo ojo\u2026\u00bb<\/p>\n\n\n\n<div style=\"height:30px\" aria-hidden=\"true\" class=\"wp-block-spacer\"><\/div>\n\n\n\n<h3 class=\"wp-block-heading has-text-align-center\">Este es un Mapa-Poema para ni\u00f1as que, como t\u00fa, se portan mal. Porque no nos gusta la sopa, no nos apetece acostarnos, ir al colegio o ponernos esos zapatos: hay miles de maneras de portarse mal, y al parecer solo una de hacerlo bien.<\/h3>\n\n\n\n<h5 class=\"wp-block-heading has-text-align-center\"><br>DETALLES<\/h5>\n\n\n\n<h5 class=\"wp-block-heading has-text-align-center\">Audiolibro teatral infantil interpretado por Ruth Vilar,<br>con la participaci\u00f3n de Salva Artesero y Alicia Gonz\u00e1lez La\u00e1.<br><\/h5>\n\n\n\n<h5 class=\"wp-block-heading has-text-align-center\">Contiene una nota para los mayores<br>de Nieves Rodr\u00edguez Rodr\u00edguez<br>y otra nota de <a href=\"https:\/\/oidaeditorial.com\/index.php\/autores\/lola-fernandez-de-sevilla\/\">Lola Fern\u00e1ndez de Sevilla<\/a> para ti.<br><br>El dibujo de la cubierta tambi\u00e9n es de la autora.<br><\/h5>\n\n\n\n<p class=\"has-text-align-center\">Dirigido por Salva Artesero y Ruth Vilar.<br>Grabado en GATE24 Audio.<\/p>\n\n\n\n<p class=\"has-text-align-center\">DURACI\u00d3N 47 min<br><br>ISBN 978-84-126940-8-6<br><br><strong>TRAILER<\/strong><\/p>\n\n\n\n<div style=\"height:100px\" aria-hidden=\"true\" class=\"wp-block-spacer\"><\/div>\n\n\n\n<h3 class=\"wp-block-heading has-text-align-center\"><strong>\u00ab<\/strong>La sopa es tan aburrida que levantas la vista: atenta, derecha, los codos fuera de la mesa.<br>Levantas la vista y miras:<br>Al otro lado de la cocina est\u00e1 la puerta.<br>\u00bfTe imaginas?<strong>\u00bb<\/strong><\/h3>\n\n\n\n<div style=\"height:49px\" aria-hidden=\"true\" class=\"wp-block-spacer\"><\/div>\n\n\n\n<p class=\"has-text-align-center\">PVP 12,99\u20ac<\/p>\n\n\n\n<p class=\"has-text-align-center\">A la venta desde el 2 de diciembre del 2024<\/p>\n\n\n\n<div class=\"wp-block-buttons is-content-justification-center is-layout-flex wp-container-core-buttons-is-layout-a89b3969 wp-block-buttons-is-layout-flex\">\n<div class=\"wp-block-button\"><a class=\"wp-block-button__link wp-element-button\" href=\"https:\/\/oidaeditorial.com\/index.php\/la-audiolibreria-teatral-oida-editorial\/?add-to-cart=875\">A\u00f1adir al carrito<\/a><\/div>\n<\/div>\n\n\n\n<p class=\"has-text-align-center\"><br>Tamb\u00e9 disponible a&nbsp;<a href=\"https:\/\/www.kobo.com\/es\/es\/audiobook\/irse-de-casa-1\" target=\"_blank\" rel=\"noreferrer noopener\">Kobo<\/a>, Apple Audio, Bookbeat, Storytel.<\/p>\n\n\n\n<p class=\"has-text-align-center\">PALABRAS CLAVE Libertad, Comida, Sopa, Imaginaci\u00f3n, Desobediencia <\/p>\n\n\n\n<div style=\"height:49px\" aria-hidden=\"true\" class=\"wp-block-spacer\"><\/div>\n\n\n\n<h2 class=\"wp-block-heading\">OID\u00c0 EDITORIAL \u00b7 Audiolibro teatral<\/h2>\n\n\n\n<p><\/p>\n","protected":false},"excerpt":{"rendered":"<p>Oid\u00e0 Editorial, 2024Colecci\u00f3n Teatro para la Infancia y Juventud DESCRIPCI\u00d3N \u00abEscribir Irse de casa fue jugoso, divertido y bonito. Bueno, y tambi\u00e9n un poco terror\u00edfico durante unos d\u00edas, la verdad, porque pensaba que no iba a ser capaz de conseguir poner en el papel lo que ten\u00eda en la cabeza: todas esas im\u00e1genes que iban [&hellip;]<\/p>\n","protected":false},"author":1,"featured_media":0,"parent":157,"menu_order":0,"comment_status":"closed","ping_status":"closed","template":"","meta":{"footnotes":""},"class_list":["post-860","page","type-page","status-publish","hentry"],"_links":{"self":[{"href":"https:\/\/oidaeditorial.com\/index.php\/wp-json\/wp\/v2\/pages\/860","targetHints":{"allow":["GET"]}}],"collection":[{"href":"https:\/\/oidaeditorial.com\/index.php\/wp-json\/wp\/v2\/pages"}],"about":[{"href":"https:\/\/oidaeditorial.com\/index.php\/wp-json\/wp\/v2\/types\/page"}],"author":[{"embeddable":true,"href":"https:\/\/oidaeditorial.com\/index.php\/wp-json\/wp\/v2\/users\/1"}],"replies":[{"embeddable":true,"href":"https:\/\/oidaeditorial.com\/index.php\/wp-json\/wp\/v2\/comments?post=860"}],"version-history":[{"count":11,"href":"https:\/\/oidaeditorial.com\/index.php\/wp-json\/wp\/v2\/pages\/860\/revisions"}],"predecessor-version":[{"id":888,"href":"https:\/\/oidaeditorial.com\/index.php\/wp-json\/wp\/v2\/pages\/860\/revisions\/888"}],"up":[{"embeddable":true,"href":"https:\/\/oidaeditorial.com\/index.php\/wp-json\/wp\/v2\/pages\/157"}],"wp:attachment":[{"href":"https:\/\/oidaeditorial.com\/index.php\/wp-json\/wp\/v2\/media?parent=860"}],"curies":[{"name":"wp","href":"https:\/\/api.w.org\/{rel}","templated":true}]}}