{"id":808,"date":"2024-11-22T17:29:33","date_gmt":"2024-11-22T17:29:33","guid":{"rendered":"https:\/\/oidaeditorial.com\/?page_id=808"},"modified":"2024-11-30T16:06:35","modified_gmt":"2024-11-30T16:06:35","slug":"gerard-bidegain-i-figuerola","status":"publish","type":"page","link":"https:\/\/oidaeditorial.com\/index.php\/autores\/gerard-bidegain-i-figuerola\/","title":{"rendered":"Gerard Bidegain i Figuerola"},"content":{"rendered":"\n<div class=\"wp-block-media-text is-stacked-on-mobile\"><figure class=\"wp-block-media-text__media\"><img data-opt-id=1838871194  fetchpriority=\"high\" decoding=\"async\" width=\"1024\" height=\"1024\" src=\"https:\/\/mlfuar0h46fq.i.optimole.com\/w:600\/h:600\/q:mauto\/ig:avif\/https:\/\/oidaeditorial.com\/wp-content\/uploads\/2024\/11\/Gerard-Bidegain-i-Figuerola-1_1.jpg\" alt=\"\" class=\"wp-image-810 size-full\" srcset=\"https:\/\/mlfuar0h46fq.i.optimole.com\/w:600\/h:600\/q:mauto\/ig:avif\/https:\/\/oidaeditorial.com\/wp-content\/uploads\/2024\/11\/Gerard-Bidegain-i-Figuerola-1_1-scaled.jpg 1024w, https:\/\/mlfuar0h46fq.i.optimole.com\/w:300\/h:300\/q:mauto\/ig:avif\/https:\/\/oidaeditorial.com\/wp-content\/uploads\/2024\/11\/Gerard-Bidegain-i-Figuerola-1_1-scaled.jpg 300w, https:\/\/mlfuar0h46fq.i.optimole.com\/w:150\/h:150\/q:mauto\/ig:avif\/https:\/\/oidaeditorial.com\/wp-content\/uploads\/2024\/11\/Gerard-Bidegain-i-Figuerola-1_1-scaled.jpg 150w, https:\/\/mlfuar0h46fq.i.optimole.com\/w:600\/h:600\/q:mauto\/ig:avif\/https:\/\/oidaeditorial.com\/wp-content\/uploads\/2024\/11\/Gerard-Bidegain-i-Figuerola-1_1-scaled.jpg 768w, https:\/\/mlfuar0h46fq.i.optimole.com\/w:600\/h:600\/q:mauto\/ig:avif\/https:\/\/oidaeditorial.com\/wp-content\/uploads\/2024\/11\/Gerard-Bidegain-i-Figuerola-1_1-scaled.jpg 1536w, https:\/\/mlfuar0h46fq.i.optimole.com\/w:600\/h:600\/q:mauto\/ig:avif\/https:\/\/oidaeditorial.com\/wp-content\/uploads\/2024\/11\/Gerard-Bidegain-i-Figuerola-1_1-scaled.jpg 2048w, https:\/\/mlfuar0h46fq.i.optimole.com\/w:600\/h:600\/q:mauto\/ig:avif\/https:\/\/oidaeditorial.com\/wp-content\/uploads\/2024\/11\/Gerard-Bidegain-i-Figuerola-1_1-scaled.jpg 1320w, https:\/\/mlfuar0h46fq.i.optimole.com\/w:600\/h:600\/q:mauto\/ig:avif\/https:\/\/oidaeditorial.com\/wp-content\/uploads\/2024\/11\/Gerard-Bidegain-i-Figuerola-1_1-scaled.jpg 600w, https:\/\/mlfuar0h46fq.i.optimole.com\/w:100\/h:100\/q:mauto\/ig:avif\/dpr:2\/https:\/\/oidaeditorial.com\/wp-content\/uploads\/2024\/11\/Gerard-Bidegain-i-Figuerola-1_1-scaled.jpg 100w\" sizes=\"(max-width: 1000px) 100vw, 1000px\" \/><\/figure><div class=\"wp-block-media-text__content\">\n<p>Es defineix com a \u00abmodernista fora d\u2019\u00e8poca i gaudini\u00e0 del Montserrat\u00ed\u00bb. \u00c9s d\u2019Esparreguera i nascut el 1990 a Barcelona, amb arrels al Prat de Llobregat i a Vilaverd. \u00c9s membre de la companyia Teorema Teatre i de l\u2019ACD. Durant sis temporades ha estat Director art\u00edstic del Festival LOLA de teatre professional d\u2019Esparreguera.<\/p>\n<\/div><\/div>\n\n\n\n<p>Es va graduar en Art Dram\u00e0tic -especialitat en Direcci\u00f3 i Dramat\u00fargia- per l&#8217;Escola Superior d&#8217;Art Dram\u00e0tic de l&#8217;Institut del Teatre i es va llicenciar en Hist\u00f2ria per la Universitat de Barcelona. Tamb\u00e9 s&#8217;ha format a l&#8217;Obrador Internacional de Dramat\u00fargia de la Sala Beckett.<\/p>\n\n\n\n<p>\u00c9s autor dels textos dram\u00e0tics <em>Caurem plegats<\/em>, <em>Fruits secs<\/em> i <em>L\u2019afinador<\/em>, de la companyia LoPereBufa, amb qui ha estrenat els seus guions originals <em>Un tast de tot<\/em>, on interpreta al poeta Joan Oliver-Pere Quart, i <em>Pensaments pelsigats<\/em>, on encarna Antoni Gaud\u00ed.<\/p>\n\n\n\n<p>Altres obres seves s\u00f3n <em>Estival<\/em> (2018) i <em>Vict\u00f2ria<\/em> (2020) (Ed. Institut del Teatre, Aix\u00f2 \u00e9s un Drama\/ScannerFM), <em>Amic dilect\u00edssim<\/em> (2021, Ed. Setsetset-ACPC) i <a href=\"https:\/\/oidaeditorial.com\/index.php\/publicaciones\/judes-trait-gerard-bidegain-audiollibre-teatral\/\"><em><strong>Judes tra\u00eft<\/strong><\/em><\/a> (2019, Rema12, <em>Off Cartell<\/em> | 2024, Oid\u00e0 Editorial).<\/p>\n\n\n\n<div style=\"height:30px\" aria-hidden=\"true\" class=\"wp-block-spacer\"><\/div>\n\n\n\n<figure class=\"wp-block-image aligncenter size-large is-resized\"><a href=\"https:\/\/oidaeditorial.com\/index.php\/publicaciones\/judes-trait-gerard-bidegain-audiollibre-teatral\/\"><img data-opt-id=2002826416  fetchpriority=\"high\" decoding=\"async\" width=\"1024\" height=\"1024\" src=\"https:\/\/mlfuar0h46fq.i.optimole.com\/w:600\/h:600\/q:mauto\/ig:avif\/https:\/\/oidaeditorial.com\/wp-content\/uploads\/2024\/11\/9788412694079.png\" alt=\"\" class=\"wp-image-805\" style=\"width:468px;height:auto\" srcset=\"https:\/\/mlfuar0h46fq.i.optimole.com\/w:600\/h:600\/q:mauto\/ig:avif\/https:\/\/oidaeditorial.com\/wp-content\/uploads\/2024\/11\/9788412694079.png 1024w, https:\/\/mlfuar0h46fq.i.optimole.com\/w:300\/h:300\/q:mauto\/ig:avif\/https:\/\/oidaeditorial.com\/wp-content\/uploads\/2024\/11\/9788412694079.png 300w, https:\/\/mlfuar0h46fq.i.optimole.com\/w:150\/h:150\/q:mauto\/ig:avif\/https:\/\/oidaeditorial.com\/wp-content\/uploads\/2024\/11\/9788412694079.png 150w, https:\/\/mlfuar0h46fq.i.optimole.com\/w:600\/h:600\/q:mauto\/ig:avif\/https:\/\/oidaeditorial.com\/wp-content\/uploads\/2024\/11\/9788412694079.png 768w, https:\/\/mlfuar0h46fq.i.optimole.com\/w:600\/h:600\/q:mauto\/ig:avif\/https:\/\/oidaeditorial.com\/wp-content\/uploads\/2024\/11\/9788412694079.png 1536w, https:\/\/mlfuar0h46fq.i.optimole.com\/w:600\/h:600\/q:mauto\/ig:avif\/https:\/\/oidaeditorial.com\/wp-content\/uploads\/2024\/11\/9788412694079.png 1320w, https:\/\/mlfuar0h46fq.i.optimole.com\/w:600\/h:600\/q:mauto\/ig:avif\/https:\/\/oidaeditorial.com\/wp-content\/uploads\/2024\/11\/9788412694079.png 600w, https:\/\/mlfuar0h46fq.i.optimole.com\/w:100\/h:100\/q:mauto\/ig:avif\/dpr:2\/https:\/\/oidaeditorial.com\/wp-content\/uploads\/2024\/11\/9788412694079.png 100w, https:\/\/mlfuar0h46fq.i.optimole.com\/w:600\/h:600\/q:mauto\/ig:avif\/https:\/\/oidaeditorial.com\/wp-content\/uploads\/2024\/11\/9788412694079.png 2048w\" sizes=\"(max-width: 1000px) 100vw, 1000px\" \/><\/a><\/figure>\n\n\n\n<div style=\"height:30px\" aria-hidden=\"true\" class=\"wp-block-spacer\"><\/div>\n\n\n\n<p>S\u2019ha vinculat molt a la vida cultural de la seva vila, com a articulista en publicacions locals i com a actor a <em>La Passi\u00f3 d&#8217;Esparreguera<\/em>, actualment en el personatge de Judes Iscariot. Com a historiador, va publicar el llibre biogr\u00e0fic <em>\u00abRamon Torruella Satorra, poeta de La Passi\u00f3 d\u2019Esparreguera\u00bb <\/em>(2019, Ed. Setsetset-ACPC).<\/p>\n\n\n\n<p>Treballa com a actor, director teatral i dramaturg en projectes on combina la teatralitat i la divulgaci\u00f3 hist\u00f2rica i cultural, creant espectacles i projectes per a la Instituci\u00f3 de les Lletres Catalanes, els Museus de Martorell, la Fundaci\u00f3 Francesc Pujols i Morgades, el Museu Arqueol\u00f2gic de l\u2019Esquerda (Roda de Ter), la Festa del Timbaler del Bruc, el Cementiri de Sabadell o el Centre Picasso de G\u00f3sol, entre d\u2019altres. Tamb\u00e9 \u00e9s t\u00e8cnic de Patrimoni Cultural i Mem\u00f2ria Hist\u00f2rica a Abrera, on lidera projectes de recuperaci\u00f3 de mem\u00f2ria oral, divulgaci\u00f3 patrimonial i coordinaci\u00f3 de projectes arqueol\u00f2gics.<\/p>\n\n\n\n<div style=\"height:50px\" aria-hidden=\"true\" class=\"wp-block-spacer\"><\/div>\n\n\n\n<h2 class=\"wp-block-heading has-text-align-center\">OID\u00c0 EDITORIAL \u00b7 Audiollibre teatral<\/h2>\n\n\n\n<p><\/p>\n","protected":false},"excerpt":{"rendered":"<p>Es defineix com a \u00abmodernista fora d\u2019\u00e8poca i gaudini\u00e0 del Montserrat\u00ed\u00bb. \u00c9s d\u2019Esparreguera i nascut el 1990 a Barcelona, amb arrels al Prat de Llobregat i a Vilaverd. \u00c9s membre de la companyia Teorema Teatre i de l\u2019ACD. Durant sis temporades ha estat Director art\u00edstic del Festival LOLA de teatre professional d\u2019Esparreguera. Es va graduar [&hellip;]<\/p>\n","protected":false},"author":1,"featured_media":0,"parent":591,"menu_order":0,"comment_status":"closed","ping_status":"closed","template":"","meta":{"footnotes":""},"class_list":["post-808","page","type-page","status-publish","hentry"],"_links":{"self":[{"href":"https:\/\/oidaeditorial.com\/index.php\/wp-json\/wp\/v2\/pages\/808","targetHints":{"allow":["GET"]}}],"collection":[{"href":"https:\/\/oidaeditorial.com\/index.php\/wp-json\/wp\/v2\/pages"}],"about":[{"href":"https:\/\/oidaeditorial.com\/index.php\/wp-json\/wp\/v2\/types\/page"}],"author":[{"embeddable":true,"href":"https:\/\/oidaeditorial.com\/index.php\/wp-json\/wp\/v2\/users\/1"}],"replies":[{"embeddable":true,"href":"https:\/\/oidaeditorial.com\/index.php\/wp-json\/wp\/v2\/comments?post=808"}],"version-history":[{"count":8,"href":"https:\/\/oidaeditorial.com\/index.php\/wp-json\/wp\/v2\/pages\/808\/revisions"}],"predecessor-version":[{"id":856,"href":"https:\/\/oidaeditorial.com\/index.php\/wp-json\/wp\/v2\/pages\/808\/revisions\/856"}],"up":[{"embeddable":true,"href":"https:\/\/oidaeditorial.com\/index.php\/wp-json\/wp\/v2\/pages\/591"}],"wp:attachment":[{"href":"https:\/\/oidaeditorial.com\/index.php\/wp-json\/wp\/v2\/media?parent=808"}],"curies":[{"name":"wp","href":"https:\/\/api.w.org\/{rel}","templated":true}]}}

<div class="wp-block-media-text is-stacked-on-mobile"><figure class="wp-block-media-text__media"><img data-opt-id=1838871194  fetchpriority="high" decoding="async" width="1024" height="1024" src="https://mlfuar0h46fq.i.optimole.com/w:600/h:600/q:mauto/ig:avif/https://oidaeditorial.com/wp-content/uploads/2024/11/Gerard-Bidegain-i-Figuerola-1_1.jpg" alt="" class="wp-image-810 size-full" srcset="https://mlfuar0h46fq.i.optimole.com/w:600/h:600/q:mauto/ig:avif/https://oidaeditorial.com/wp-content/uploads/2024/11/Gerard-Bidegain-i-Figuerola-1_1-scaled.jpg 1024w, https://mlfuar0h46fq.i.optimole.com/w:300/h:300/q:mauto/ig:avif/https://oidaeditorial.com/wp-content/uploads/2024/11/Gerard-Bidegain-i-Figuerola-1_1-scaled.jpg 300w, https://mlfuar0h46fq.i.optimole.com/w:150/h:150/q:mauto/ig:avif/https://oidaeditorial.com/wp-content/uploads/2024/11/Gerard-Bidegain-i-Figuerola-1_1-scaled.jpg 150w, https://mlfuar0h46fq.i.optimole.com/w:600/h:600/q:mauto/ig:avif/https://oidaeditorial.com/wp-content/uploads/2024/11/Gerard-Bidegain-i-Figuerola-1_1-scaled.jpg 768w, https://mlfuar0h46fq.i.optimole.com/w:600/h:600/q:mauto/ig:avif/https://oidaeditorial.com/wp-content/uploads/2024/11/Gerard-Bidegain-i-Figuerola-1_1-scaled.jpg 1536w, https://mlfuar0h46fq.i.optimole.com/w:600/h:600/q:mauto/ig:avif/https://oidaeditorial.com/wp-content/uploads/2024/11/Gerard-Bidegain-i-Figuerola-1_1-scaled.jpg 2048w, https://mlfuar0h46fq.i.optimole.com/w:600/h:600/q:mauto/ig:avif/https://oidaeditorial.com/wp-content/uploads/2024/11/Gerard-Bidegain-i-Figuerola-1_1-scaled.jpg 1320w, https://mlfuar0h46fq.i.optimole.com/w:600/h:600/q:mauto/ig:avif/https://oidaeditorial.com/wp-content/uploads/2024/11/Gerard-Bidegain-i-Figuerola-1_1-scaled.jpg 600w, https://mlfuar0h46fq.i.optimole.com/w:100/h:100/q:mauto/ig:avif/dpr:2/https://oidaeditorial.com/wp-content/uploads/2024/11/Gerard-Bidegain-i-Figuerola-1_1-scaled.jpg 100w" sizes="(max-width: 1000px) 100vw, 1000px" /></figure><div class="wp-block-media-text__content">
<p>Es defineix com a «modernista fora d’època i gaudinià del Montserratí». És d’Esparreguera i nascut el 1990 a Barcelona, amb arrels al Prat de Llobregat i a Vilaverd. És membre de la companyia Teorema Teatre i de l’ACD. Durant sis temporades ha estat Director artístic del Festival LOLA de teatre professional d’Esparreguera.</p>
</div></div>



<p>Es va graduar en Art Dramàtic -especialitat en Direcció i Dramatúrgia- per l&#8217;Escola Superior d&#8217;Art Dramàtic de l&#8217;Institut del Teatre i es va llicenciar en Història per la Universitat de Barcelona. També s&#8217;ha format a l&#8217;Obrador Internacional de Dramatúrgia de la Sala Beckett.</p>



<p>És autor dels textos dramàtics <em>Caurem plegats</em>, <em>Fruits secs</em> i <em>L’afinador</em>, de la companyia LoPereBufa, amb qui ha estrenat els seus guions originals <em>Un tast de tot</em>, on interpreta al poeta Joan Oliver-Pere Quart, i <em>Pensaments pelsigats</em>, on encarna Antoni Gaudí.</p>



<p>Altres obres seves són <em>Estival</em> (2018) i <em>Victòria</em> (2020) (Ed. Institut del Teatre, Això és un Drama/ScannerFM), <em>Amic dilectíssim</em> (2021, Ed. Setsetset-ACPC) i <a href="https://oidaeditorial.com/index.php/publicaciones/judes-trait-gerard-bidegain-audiollibre-teatral/"><em><strong>Judes traït</strong></em></a> (2019, Rema12, <em>Off Cartell</em> | 2024, Oidà Editorial).</p>



<div style="height:30px" aria-hidden="true" class="wp-block-spacer"></div>



<figure class="wp-block-image aligncenter size-large is-resized"><a href="https://oidaeditorial.com/index.php/publicaciones/judes-trait-gerard-bidegain-audiollibre-teatral/"><img data-opt-id=2002826416  fetchpriority="high" decoding="async" width="1024" height="1024" src="https://mlfuar0h46fq.i.optimole.com/w:600/h:600/q:mauto/ig:avif/https://oidaeditorial.com/wp-content/uploads/2024/11/9788412694079.png" alt="" class="wp-image-805" style="width:468px;height:auto" srcset="https://mlfuar0h46fq.i.optimole.com/w:600/h:600/q:mauto/ig:avif/https://oidaeditorial.com/wp-content/uploads/2024/11/9788412694079.png 1024w, https://mlfuar0h46fq.i.optimole.com/w:300/h:300/q:mauto/ig:avif/https://oidaeditorial.com/wp-content/uploads/2024/11/9788412694079.png 300w, https://mlfuar0h46fq.i.optimole.com/w:150/h:150/q:mauto/ig:avif/https://oidaeditorial.com/wp-content/uploads/2024/11/9788412694079.png 150w, https://mlfuar0h46fq.i.optimole.com/w:600/h:600/q:mauto/ig:avif/https://oidaeditorial.com/wp-content/uploads/2024/11/9788412694079.png 768w, https://mlfuar0h46fq.i.optimole.com/w:600/h:600/q:mauto/ig:avif/https://oidaeditorial.com/wp-content/uploads/2024/11/9788412694079.png 1536w, https://mlfuar0h46fq.i.optimole.com/w:600/h:600/q:mauto/ig:avif/https://oidaeditorial.com/wp-content/uploads/2024/11/9788412694079.png 1320w, https://mlfuar0h46fq.i.optimole.com/w:600/h:600/q:mauto/ig:avif/https://oidaeditorial.com/wp-content/uploads/2024/11/9788412694079.png 600w, https://mlfuar0h46fq.i.optimole.com/w:100/h:100/q:mauto/ig:avif/dpr:2/https://oidaeditorial.com/wp-content/uploads/2024/11/9788412694079.png 100w, https://mlfuar0h46fq.i.optimole.com/w:600/h:600/q:mauto/ig:avif/https://oidaeditorial.com/wp-content/uploads/2024/11/9788412694079.png 2048w" sizes="(max-width: 1000px) 100vw, 1000px" /></a></figure>



<div style="height:30px" aria-hidden="true" class="wp-block-spacer"></div>



<p>S’ha vinculat molt a la vida cultural de la seva vila, com a articulista en publicacions locals i com a actor a <em>La Passió d&#8217;Esparreguera</em>, actualment en el personatge de Judes Iscariot. Com a historiador, va publicar el llibre biogràfic <em>«Ramon Torruella Satorra, poeta de La Passió d’Esparreguera» </em>(2019, Ed. Setsetset-ACPC).</p>



<p>Treballa com a actor, director teatral i dramaturg en projectes on combina la teatralitat i la divulgació històrica i cultural, creant espectacles i projectes per a la Institució de les Lletres Catalanes, els Museus de Martorell, la Fundació Francesc Pujols i Morgades, el Museu Arqueològic de l’Esquerda (Roda de Ter), la Festa del Timbaler del Bruc, el Cementiri de Sabadell o el Centre Picasso de Gósol, entre d’altres. També és tècnic de Patrimoni Cultural i Memòria Històrica a Abrera, on lidera projectes de recuperació de memòria oral, divulgació patrimonial i coordinació de projectes arqueològics.</p>



<div style="height:50px" aria-hidden="true" class="wp-block-spacer"></div>



<h2 class="wp-block-heading has-text-align-center">OIDÀ EDITORIAL · Audiollibre teatral</h2>



<p></p>

<p>Es defineix com a «modernista fora d’època i gaudinià del Montserratí». És d’Esparreguera i nascut el 1990 a Barcelona, amb arrels al Prat de Llobregat i a Vilaverd. És membre de la companyia Teorema Teatre i de l’ACD. Durant sis temporades ha estat Director artístic del Festival LOLA de teatre professional d’Esparreguera. Es va graduar [&hellip;]</p>
