{"id":803,"date":"2024-11-22T17:03:29","date_gmt":"2024-11-22T17:03:29","guid":{"rendered":"https:\/\/oidaeditorial.com\/?page_id=803"},"modified":"2026-04-18T18:03:10","modified_gmt":"2026-04-18T18:03:10","slug":"judes-trait-gerard-bidegain-audiollibre-teatral","status":"publish","type":"page","link":"https:\/\/oidaeditorial.com\/index.php\/publicaciones-audiolibro-teatral\/judes-trait-gerard-bidegain-audiollibre-teatral\/","title":{"rendered":"JUDES TRA\u00cfT de Gerard Bidegain i Figuerola | Audiollibre teatral"},"content":{"rendered":"\n<p class=\"has-text-align-center\">Oid\u00e0 Editorial, 2024<br>Col\u00b7lecci\u00f3 Literatura Dram\u00e0tica Contempor\u00e0nia<\/p>\n\n\n\n<figure data-wp-context=\"{&quot;imageId&quot;:&quot;6a05afd3e23f0&quot;}\" data-wp-interactive=\"core\/image\" data-wp-key=\"6a05afd3e23f0\" class=\"wp-block-image aligncenter size-large is-resized wp-lightbox-container\"><img data-opt-id=409545210  fetchpriority=\"high\" decoding=\"async\" width=\"1024\" height=\"1024\" data-wp-class--hide=\"state.isContentHidden\" data-wp-class--show=\"state.isContentVisible\" data-wp-init=\"callbacks.setButtonStyles\" data-wp-on--click=\"actions.showLightbox\" data-wp-on--load=\"callbacks.setButtonStyles\" data-wp-on-window--resize=\"callbacks.setButtonStyles\" src=\"https:\/\/mlfuar0h46fq.i.optimole.com\/w:600\/h:600\/q:mauto\/ig:avif\/https:\/\/oidaeditorial.com\/wp-content\/uploads\/2024\/11\/9788412694079-1.png\" alt=\"\" class=\"wp-image-985\" style=\"width:487px;height:auto\" srcset=\"https:\/\/mlfuar0h46fq.i.optimole.com\/w:600\/h:600\/q:mauto\/ig:avif\/https:\/\/oidaeditorial.com\/wp-content\/uploads\/2024\/11\/9788412694079-1-scaled.png 1024w, https:\/\/mlfuar0h46fq.i.optimole.com\/w:300\/h:300\/q:mauto\/ig:avif\/https:\/\/oidaeditorial.com\/wp-content\/uploads\/2024\/11\/9788412694079-1-scaled.png 300w, https:\/\/mlfuar0h46fq.i.optimole.com\/w:150\/h:150\/q:mauto\/ig:avif\/https:\/\/oidaeditorial.com\/wp-content\/uploads\/2024\/11\/9788412694079-1-scaled.png 150w, https:\/\/mlfuar0h46fq.i.optimole.com\/w:600\/h:600\/q:mauto\/ig:avif\/https:\/\/oidaeditorial.com\/wp-content\/uploads\/2024\/11\/9788412694079-1-scaled.png 768w, https:\/\/mlfuar0h46fq.i.optimole.com\/w:600\/h:600\/q:mauto\/ig:avif\/https:\/\/oidaeditorial.com\/wp-content\/uploads\/2024\/11\/9788412694079-1-scaled.png 1536w, https:\/\/mlfuar0h46fq.i.optimole.com\/w:600\/h:600\/q:mauto\/ig:avif\/https:\/\/oidaeditorial.com\/wp-content\/uploads\/2024\/11\/9788412694079-1-scaled.png 2048w, https:\/\/mlfuar0h46fq.i.optimole.com\/w:600\/h:600\/q:mauto\/ig:avif\/https:\/\/oidaeditorial.com\/wp-content\/uploads\/2024\/11\/9788412694079-1-scaled.png 1320w, https:\/\/mlfuar0h46fq.i.optimole.com\/w:600\/h:600\/q:mauto\/ig:avif\/https:\/\/oidaeditorial.com\/wp-content\/uploads\/2024\/11\/9788412694079-1-scaled.png 600w, https:\/\/mlfuar0h46fq.i.optimole.com\/w:100\/h:100\/q:mauto\/ig:avif\/dpr:2\/https:\/\/oidaeditorial.com\/wp-content\/uploads\/2024\/11\/9788412694079-1-scaled.png 100w\" sizes=\"(max-width: 1000px) 100vw, 1000px\" \/><button\n\t\t\tclass=\"lightbox-trigger\"\n\t\t\ttype=\"button\"\n\t\t\taria-haspopup=\"dialog\"\n\t\t\taria-label=\"Agrandar\"\n\t\t\tdata-wp-init=\"callbacks.initTriggerButton\"\n\t\t\tdata-wp-on--click=\"actions.showLightbox\"\n\t\t\tdata-wp-style--right=\"state.imageButtonRight\"\n\t\t\tdata-wp-style--top=\"state.imageButtonTop\"\n\t\t>\n\t\t\t<svg xmlns=\"http:\/\/www.w3.org\/2000\/svg\" width=\"12\" height=\"12\" fill=\"none\" viewBox=\"0 0 12 12\">\n\t\t\t\t<path fill=\"#fff\" d=\"M2 0a2 2 0 0 0-2 2v2h1.5V2a.5.5 0 0 1 .5-.5h2V0H2Zm2 10.5H2a.5.5 0 0 1-.5-.5V8H0v2a2 2 0 0 0 2 2h2v-1.5ZM8 12v-1.5h2a.5.5 0 0 0 .5-.5V8H12v2a2 2 0 0 1-2 2H8Zm2-12a2 2 0 0 1 2 2v2h-1.5V2a.5.5 0 0 0-.5-.5H8V0h2Z\" \/>\n\t\t\t<\/svg>\n\t\t<\/button><\/figure>\n\n\n\n<div style=\"height:35px\" aria-hidden=\"true\" class=\"wp-block-spacer\"><\/div>\n\n\n\n<h5 class=\"wp-block-heading has-text-align-center\">DESCRIPCI\u00d3<\/h5>\n\n\n\n<p class=\"has-text-align-center\">La ciutat de Jerusalem del segle primer s\u2019est\u00e9n a l\u2019horitz\u00f3.&nbsp;\u00c9s de nit i el silenci nom\u00e9s el trenca el ventijol de la&nbsp;matinada i algun corb distret, lluny. El m\u00f3n sembla dormir&nbsp;despr\u00e9s de massa dies de crid\u00f2ria.&nbsp;Un home descal\u00e7 i ajupit panteixa al costat d&#8217;una&nbsp;fossa. \u00c9s&nbsp;Judes.<\/p>\n\n\n\n<div style=\"height:30px\" aria-hidden=\"true\" class=\"wp-block-spacer\"><\/div>\n\n\n\n<h3 class=\"wp-block-heading has-text-align-center\">El Judes de Gerard Bidegain i Figuerola canvia de paradigmes i de&nbsp;motors: desapareixen els remordiments i la culpa, i ocupen el seu lloc&nbsp;el dubte i les preguntes sobre la fidelitat i la&nbsp;veritat.<\/h3>\n\n\n\n<div style=\"height:35px\" aria-hidden=\"true\" class=\"wp-block-spacer\"><\/div>\n\n\n\n<h5 class=\"wp-block-heading has-text-align-center\">DETALLS<\/h5>\n\n\n\n<h5 class=\"wp-block-heading has-text-align-center\">Audiollibre interpretat per <a href=\"https:\/\/oidaeditorial.com\/index.php\/gerard-bidegain-i-figuerola\/\">Gerard Bidegain i Figuerola<\/a>, <br>amb la participaci\u00f3 de Ruth Vilar i Salva Artesero.<br><br>M\u00fasica adaptada i interpretada per Alba Hinojosa.<\/h5>\n\n\n\n<h5 class=\"wp-block-heading has-text-align-center\">Cont\u00e9 nota de l&#8217;autor. <br>Ep\u00edleg de Joan Castells.<\/h5>\n\n\n\n<p class=\"has-text-align-center\">Dirigit per Salva Artesero i Ruth Vilar.<br>Enregistrat a GATE24 Audio.<\/p>\n\n\n\n<p class=\"has-text-align-center\">DURADA 76 min<br><br>ISBN 978-84-126940-7-9<br><br><strong>TR\u00c0ILER<\/strong><\/p>\n\n\n\n<div style=\"height:100px\" aria-hidden=\"true\" class=\"wp-block-spacer\"><\/div>\n\n\n\n<h2 class=\"wp-block-heading has-text-align-center\"><strong>\u00ab<\/strong>M\u2019has enganyat.<br>M\u2019has tra\u00eft.<br>T\u2019han mort.<br>No tornar\u00e0s.<br>I ara ens deixes a la nostra dissort.<strong>\u00bb<\/strong><\/h2>\n\n\n\n<div style=\"height:50px\" aria-hidden=\"true\" class=\"wp-block-spacer\"><\/div>\n\n\n\n<p class=\"has-text-align-center\">PVP 9,99\u20ac<\/p>\n\n\n\n<p class=\"has-text-align-center\">A la venda des del 25 de novembre del 2024<br><\/p>\n\n\n\n<div class=\"wp-block-buttons is-content-justification-center is-layout-flex wp-container-core-buttons-is-layout-a89b3969 wp-block-buttons-is-layout-flex\">\n<div class=\"wp-block-button\"><a class=\"wp-block-button__link wp-element-button\" href=\"https:\/\/oidaeditorial.com\/index.php\/la-audiolibreria-teatral-oida-editorial\/?add-to-cart=840\">Afegir al carro<\/a><\/div>\n<\/div>\n\n\n\n<p class=\"has-text-align-center\"><br>Tamb\u00e9 disponible a&nbsp;<a href=\"https:\/\/www.kobo.com\/es\/es\/audiobook\/7-parells-de-peus\">Kobo<\/a>, Apple Audio, Bookbeat, Storytel.<\/p>\n\n\n\n<p class=\"has-text-align-center\">PARAULES CLAU Tra\u00efci\u00f3, Tradici\u00f3, Veritat<\/p>\n\n\n\n<div style=\"height:50px\" aria-hidden=\"true\" class=\"wp-block-spacer\"><\/div>\n\n\n\n<h2 class=\"wp-block-heading has-text-align-center\">OID\u00c0 EDITORIAL \u00b7 Audiollibre teatral<\/h2>\n","protected":false},"excerpt":{"rendered":"<p>Oid\u00e0 Editorial, 2024Col\u00b7lecci\u00f3 Literatura Dram\u00e0tica Contempor\u00e0nia DESCRIPCI\u00d3 La ciutat de Jerusalem del segle primer s\u2019est\u00e9n a l\u2019horitz\u00f3.&nbsp;\u00c9s de nit i el silenci nom\u00e9s el trenca el ventijol de la&nbsp;matinada i algun corb distret, lluny. El m\u00f3n sembla dormir&nbsp;despr\u00e9s de massa dies de crid\u00f2ria.&nbsp;Un home descal\u00e7 i ajupit panteixa al costat d&#8217;una&nbsp;fossa. \u00c9s&nbsp;Judes. El Judes de [&hellip;]<\/p>\n","protected":false},"author":1,"featured_media":0,"parent":157,"menu_order":0,"comment_status":"closed","ping_status":"closed","template":"","meta":{"footnotes":""},"class_list":["post-803","page","type-page","status-publish","hentry"],"_links":{"self":[{"href":"https:\/\/oidaeditorial.com\/index.php\/wp-json\/wp\/v2\/pages\/803","targetHints":{"allow":["GET"]}}],"collection":[{"href":"https:\/\/oidaeditorial.com\/index.php\/wp-json\/wp\/v2\/pages"}],"about":[{"href":"https:\/\/oidaeditorial.com\/index.php\/wp-json\/wp\/v2\/types\/page"}],"author":[{"embeddable":true,"href":"https:\/\/oidaeditorial.com\/index.php\/wp-json\/wp\/v2\/users\/1"}],"replies":[{"embeddable":true,"href":"https:\/\/oidaeditorial.com\/index.php\/wp-json\/wp\/v2\/comments?post=803"}],"version-history":[{"count":8,"href":"https:\/\/oidaeditorial.com\/index.php\/wp-json\/wp\/v2\/pages\/803\/revisions"}],"predecessor-version":[{"id":990,"href":"https:\/\/oidaeditorial.com\/index.php\/wp-json\/wp\/v2\/pages\/803\/revisions\/990"}],"up":[{"embeddable":true,"href":"https:\/\/oidaeditorial.com\/index.php\/wp-json\/wp\/v2\/pages\/157"}],"wp:attachment":[{"href":"https:\/\/oidaeditorial.com\/index.php\/wp-json\/wp\/v2\/media?parent=803"}],"curies":[{"name":"wp","href":"https:\/\/api.w.org\/{rel}","templated":true}]}}