{"id":652,"date":"2024-08-07T16:45:59","date_gmt":"2024-08-07T16:45:59","guid":{"rendered":"https:\/\/oidaeditorial.com\/?page_id=652"},"modified":"2024-08-14T15:22:29","modified_gmt":"2024-08-14T15:22:29","slug":"contacta-con-oida","status":"publish","type":"page","link":"https:\/\/oidaeditorial.com\/index.php\/contacta-con-oida\/","title":{"rendered":"Contacta con Oid\u00e0"},"content":{"rendered":"\n<p>Si quieres saber m\u00e1s de nosotros y estar al d\u00eda de todas las novedades editoriales, <a href=\"https:\/\/mailchi.mp\/63db4285bc48\/boletin_oidaeditorial\">suscr\u00edbete al bolet\u00edn de Oid\u00e0<\/a> y recibe buenas noticias dos veces al mes.<\/p>\n\n\n\n<p>Si necesitas ayuda con tu compra en la <a href=\"https:\/\/oidaeditorial.com\/index.php\/la-audiolibreria-teatral-oida-editorial\/\" data-type=\"page\" data-id=\"655\"><em>Audiolibrer\u00eda<\/em> Teatral<\/a> o quieres hacernos un pedido de audiolibros teatrales para un centro educativo, escr\u00edbenos a <a href=\"mailto:audiolibros@oidaeditorial.com\">audiolibros@oidaeditorial.com<\/a> <\/p>\n\n\n\n<p>\u00bfTe asaltan las dudas? Consulta el apartado de <a href=\"https:\/\/oidaeditorial.com\/index.php\/preguntas-frecuentes\/\">preguntas frecuentes<\/a>.<\/p>\n\n\n\n<p>Para otras consultas, nos encontrar\u00e1s en <a href=\"mailto:editor@oidaeditorial.com\">editor@oidaeditorial.com<\/a> <\/p>\n\n\n\n<div style=\"height:50px\" aria-hidden=\"true\" class=\"wp-block-spacer\"><\/div>\n\n\n\n<h4 class=\"wp-block-heading has-text-align-center\">OID\u00c0 EDITORIAL \u00b7 Audiolibro teatral<\/h4>\n","protected":false},"excerpt":{"rendered":"<p>Si quieres saber m\u00e1s de nosotros y estar al d\u00eda de todas las novedades editoriales, suscr\u00edbete al bolet\u00edn de Oid\u00e0 y recibe buenas noticias dos veces al mes. Si necesitas ayuda con tu compra en la Audiolibrer\u00eda Teatral o quieres hacernos un pedido de audiolibros teatrales para un centro educativo, escr\u00edbenos a audiolibros@oidaeditorial.com \u00bfTe asaltan [&hellip;]<\/p>\n","protected":false},"author":1,"featured_media":0,"parent":0,"menu_order":0,"comment_status":"closed","ping_status":"closed","template":"","meta":{"footnotes":""},"class_list":["post-652","page","type-page","status-publish","hentry"],"_links":{"self":[{"href":"https:\/\/oidaeditorial.com\/index.php\/wp-json\/wp\/v2\/pages\/652","targetHints":{"allow":["GET"]}}],"collection":[{"href":"https:\/\/oidaeditorial.com\/index.php\/wp-json\/wp\/v2\/pages"}],"about":[{"href":"https:\/\/oidaeditorial.com\/index.php\/wp-json\/wp\/v2\/types\/page"}],"author":[{"embeddable":true,"href":"https:\/\/oidaeditorial.com\/index.php\/wp-json\/wp\/v2\/users\/1"}],"replies":[{"embeddable":true,"href":"https:\/\/oidaeditorial.com\/index.php\/wp-json\/wp\/v2\/comments?post=652"}],"version-history":[{"count":2,"href":"https:\/\/oidaeditorial.com\/index.php\/wp-json\/wp\/v2\/pages\/652\/revisions"}],"predecessor-version":[{"id":743,"href":"https:\/\/oidaeditorial.com\/index.php\/wp-json\/wp\/v2\/pages\/652\/revisions\/743"}],"wp:attachment":[{"href":"https:\/\/oidaeditorial.com\/index.php\/wp-json\/wp\/v2\/media?parent=652"}],"curies":[{"name":"wp","href":"https:\/\/api.w.org\/{rel}","templated":true}]}}