{"id":426,"date":"2023-09-02T10:39:08","date_gmt":"2023-09-02T10:39:08","guid":{"rendered":"https:\/\/oidaeditorial.com\/?page_id=426"},"modified":"2024-08-14T15:24:46","modified_gmt":"2024-08-14T15:24:46","slug":"preguntas-frecuentes","status":"publish","type":"page","link":"https:\/\/oidaeditorial.com\/index.php\/preguntas-frecuentes\/","title":{"rendered":"Preguntas frecuentes"},"content":{"rendered":"\n<h2 class=\"wp-block-heading\">\u00bfD\u00f3nde compro los audiolibros de teatro de Oid\u00e0 Editorial?<\/h2>\n\n\n\n<h4 class=\"wp-block-heading\">En la <a href=\"https:\/\/oidaeditorial.com\/index.php\/la-audiolibreria-teatral-oida-editorial\/\"><em>Audiolibrer\u00eda<\/em> Teatral<\/a> de Oid\u00e0 Editorial.<\/h4>\n\n\n\n<p>Nuestros t\u00edtulos tambi\u00e9n est\u00e1n disponibles en las principales plataformas y librer\u00edas virtuales. Los encontrar\u00e1s en&nbsp; Kobo, Apple Books, Amazon, BookBeat, Casa del Libro, Feedbooks, Storytel, Scribd, Mondadori Store, Librer\u00edas Lectura, FNAC, Ibs, Wook, y Bertrand Livreiros.<\/p>\n\n\n\n<div style=\"height:40px\" aria-hidden=\"true\" class=\"wp-block-spacer\"><\/div>\n\n\n\n<h3 class=\"wp-block-heading\">Ya he comprado mi audiolibro. \u00bfAhora c\u00f3mo lo escucho?<\/h3>\n\n\n\n<p>Los audiolibros son archivos protegidos. Por eso no son compatibles con los programas de reproducci\u00f3n de sonido m\u00e1s comunes. Entonces, \u00bfqu\u00e9 necesitas?<\/p>\n\n\n\n<p>Si compras tu audiolibro teatral en nuestra <em><a href=\"https:\/\/oidaeditorial.com\/index.php\/la-audiolibreria-teatral-oida-editorial\/\">Audiolibrer\u00eda<\/a><\/em>, recibir\u00e1s tu ejemplar acompa\u00f1ado de un c\u00f3digo de activaci\u00f3n y de las indicaciones para escucharlo directamente en l\u00ednea. Tambi\u00e9n podr\u00e1s descargarlo y reproducirlo mediante las aplicaciones gratuitas y seguras Aldiko y Thorium.<\/p>\n\n\n\n<p>Si lo has adquirido a trav\u00e9s de una plataforma o librer\u00eda, podr\u00e1s disfrutar de la escucha desde su p\u00e1gina web o aplicaci\u00f3n. <\/p>\n\n\n\n<p>Y si se trata de un libro electr\u00f3nico, incorp\u00f3ralo a tu lector digital o \u00e1brelo en tu ordenador con el programa gratuito y seguro Adobe Digital Editions.<\/p>\n\n\n\n<div style=\"height:41px\" aria-hidden=\"true\" class=\"wp-block-spacer\"><\/div>\n\n\n\n<h3 class=\"wp-block-heading\">\u00bfCu\u00e1l es la diferencia entre un audiolibro y un libro electr\u00f3nico?<\/h3>\n\n\n\n<div class=\"wp-block-media-text has-media-on-the-right is-stacked-on-mobile\" style=\"grid-template-columns:auto 40%\"><div class=\"wp-block-media-text__content\">\n<p>En el audiolibro teatral escuchar\u00e1s la obra interpretada como si asistieras, en primera fila, a una funci\u00f3n teatral s\u00f3lo para ti.<\/p>\n<\/div><figure class=\"wp-block-media-text__media\"><img data-opt-id=1454028675  fetchpriority=\"high\" decoding=\"async\" width=\"1024\" height=\"1024\" src=\"https:\/\/mlfuar0h46fq.i.optimole.com\/w:600\/h:600\/q:mauto\/ig:avif\/https:\/\/oidaeditorial.com\/wp-content\/uploads\/2023\/09\/Teatro-web-1.jpg\" alt=\"\" class=\"wp-image-431 size-full\" srcset=\"https:\/\/mlfuar0h46fq.i.optimole.com\/w:600\/h:600\/q:mauto\/ig:avif\/https:\/\/oidaeditorial.com\/wp-content\/uploads\/2023\/09\/Teatro-web-1.jpg 1024w, https:\/\/mlfuar0h46fq.i.optimole.com\/w:300\/h:300\/q:mauto\/ig:avif\/https:\/\/oidaeditorial.com\/wp-content\/uploads\/2023\/09\/Teatro-web-1.jpg 300w, https:\/\/mlfuar0h46fq.i.optimole.com\/w:150\/h:150\/q:mauto\/ig:avif\/https:\/\/oidaeditorial.com\/wp-content\/uploads\/2023\/09\/Teatro-web-1.jpg 150w, https:\/\/mlfuar0h46fq.i.optimole.com\/w:600\/h:600\/q:mauto\/ig:avif\/https:\/\/oidaeditorial.com\/wp-content\/uploads\/2023\/09\/Teatro-web-1.jpg 768w, https:\/\/mlfuar0h46fq.i.optimole.com\/w:600\/h:600\/q:mauto\/ig:avif\/https:\/\/oidaeditorial.com\/wp-content\/uploads\/2023\/09\/Teatro-web-1.jpg 1149w\" sizes=\"(max-width: 1000px) 100vw, 1000px\" \/><\/figure><\/div>\n\n\n\n<div class=\"wp-block-media-text is-stacked-on-mobile\" style=\"grid-template-columns:40% auto\"><figure class=\"wp-block-media-text__media\"><img data-opt-id=3725063  fetchpriority=\"high\" decoding=\"async\" width=\"1024\" height=\"1024\" src=\"https:\/\/mlfuar0h46fq.i.optimole.com\/w:600\/h:600\/q:mauto\/ig:avif\/https:\/\/oidaeditorial.com\/wp-content\/uploads\/2023\/09\/Lector-digital-web.jpg\" alt=\"\" class=\"wp-image-429 size-full\" srcset=\"https:\/\/mlfuar0h46fq.i.optimole.com\/w:600\/h:600\/q:mauto\/ig:avif\/https:\/\/oidaeditorial.com\/wp-content\/uploads\/2023\/09\/Lector-digital-web.jpg 1024w, https:\/\/mlfuar0h46fq.i.optimole.com\/w:300\/h:300\/q:mauto\/ig:avif\/https:\/\/oidaeditorial.com\/wp-content\/uploads\/2023\/09\/Lector-digital-web.jpg 300w, https:\/\/mlfuar0h46fq.i.optimole.com\/w:150\/h:150\/q:mauto\/ig:avif\/https:\/\/oidaeditorial.com\/wp-content\/uploads\/2023\/09\/Lector-digital-web.jpg 150w, https:\/\/mlfuar0h46fq.i.optimole.com\/w:600\/h:600\/q:mauto\/ig:avif\/https:\/\/oidaeditorial.com\/wp-content\/uploads\/2023\/09\/Lector-digital-web.jpg 768w, https:\/\/mlfuar0h46fq.i.optimole.com\/w:600\/h:600\/q:mauto\/ig:avif\/https:\/\/oidaeditorial.com\/wp-content\/uploads\/2023\/09\/Lector-digital-web.jpg 1080w\" sizes=\"(max-width: 1000px) 100vw, 1000px\" \/><\/figure><div class=\"wp-block-media-text__content\">\n<p>El libro electr\u00f3nico, en cambio, reproduce el texto original igual que lo har\u00eda un libro impreso. Puedes leerlo en el ordenador, en un lector digital o en un dispositivo m\u00f3vil.<\/p>\n<\/div><\/div>\n\n\n\n<div style=\"height:40px\" aria-hidden=\"true\" class=\"wp-block-spacer\"><\/div>\n\n\n\n<h3 class=\"wp-block-heading\">\u00bfPuedo regalar vuestros audiolibros?<\/h3>\n\n\n\n<p>\u00a1Por supuesto! Son un regalo estupendo. Cuando hagas tu compra en la <a href=\"https:\/\/oidaeditorial.com\/index.php\/la-audiolibreria-teatral-oida-editorial\/\"><em>Audiolibrer\u00eda<\/em><\/a>, anota que es para regalar. Te mandaremos una tarjeta de acceso y un c\u00f3digo de activaci\u00f3n que podr\u00e1s mandar a quien t\u00fa elijas.<\/p>\n\n\n\n<div style=\"height:25px\" aria-hidden=\"true\" class=\"wp-block-spacer\"><\/div>\n\n\n\n<figure data-wp-context=\"{&quot;imageId&quot;:&quot;69f6205b29567&quot;}\" data-wp-interactive=\"core\/image\" data-wp-key=\"69f6205b29567\" class=\"wp-block-image aligncenter size-large is-resized wp-lightbox-container\"><img data-opt-id=1161536197  data-opt-src=\"https:\/\/mlfuar0h46fq.i.optimole.com\/w:600\/h:425\/q:mauto\/ig:avif\/https:\/\/oidaeditorial.com\/wp-content\/uploads\/2024\/02\/2.png\"  decoding=\"async\" width=\"1024\" height=\"726\" data-wp-class--hide=\"state.isContentHidden\" data-wp-class--show=\"state.isContentVisible\" data-wp-init=\"callbacks.setButtonStyles\" data-wp-on--click=\"actions.showLightbox\" data-wp-on--load=\"callbacks.setButtonStyles\" data-wp-on-window--resize=\"callbacks.setButtonStyles\" src=\"data:image/svg+xml,%3Csvg%20viewBox%3D%220%200%201024%20726%22%20width%3D%221024%22%20height%3D%22726%22%20xmlns%3D%22http%3A%2F%2Fwww.w3.org%2F2000%2Fsvg%22%3E%3Crect%20width%3D%221024%22%20height%3D%22726%22%20fill%3D%22transparent%22%2F%3E%3C%2Fsvg%3E\" alt=\"\" class=\"wp-image-548\" style=\"width:365px;height:259px\" old-srcset=\"https:\/\/mlfuar0h46fq.i.optimole.com\/w:600\/h:425\/q:mauto\/ig:avif\/https:\/\/oidaeditorial.com\/wp-content\/uploads\/2024\/02\/2.png 1024w, https:\/\/mlfuar0h46fq.i.optimole.com\/w:300\/h:213\/q:mauto\/ig:avif\/https:\/\/oidaeditorial.com\/wp-content\/uploads\/2024\/02\/2.png 300w, https:\/\/mlfuar0h46fq.i.optimole.com\/w:600\/h:425\/q:mauto\/ig:avif\/https:\/\/oidaeditorial.com\/wp-content\/uploads\/2024\/02\/2.png 768w, https:\/\/mlfuar0h46fq.i.optimole.com\/w:600\/h:425\/q:mauto\/ig:avif\/https:\/\/oidaeditorial.com\/wp-content\/uploads\/2024\/02\/2.png 1536w, https:\/\/mlfuar0h46fq.i.optimole.com\/w:600\/h:425\/q:mauto\/ig:avif\/https:\/\/oidaeditorial.com\/wp-content\/uploads\/2024\/02\/2.png 1748w\" \/><button\n\t\t\tclass=\"lightbox-trigger\"\n\t\t\ttype=\"button\"\n\t\t\taria-haspopup=\"dialog\"\n\t\t\taria-label=\"Agrandar\"\n\t\t\tdata-wp-init=\"callbacks.initTriggerButton\"\n\t\t\tdata-wp-on--click=\"actions.showLightbox\"\n\t\t\tdata-wp-style--right=\"state.imageButtonRight\"\n\t\t\tdata-wp-style--top=\"state.imageButtonTop\"\n\t\t>\n\t\t\t<svg xmlns=\"http:\/\/www.w3.org\/2000\/svg\" width=\"12\" height=\"12\" fill=\"none\" viewBox=\"0 0 12 12\">\n\t\t\t\t<path fill=\"#fff\" d=\"M2 0a2 2 0 0 0-2 2v2h1.5V2a.5.5 0 0 1 .5-.5h2V0H2Zm2 10.5H2a.5.5 0 0 1-.5-.5V8H0v2a2 2 0 0 0 2 2h2v-1.5ZM8 12v-1.5h2a.5.5 0 0 0 .5-.5V8H12v2a2 2 0 0 1-2 2H8Zm2-12a2 2 0 0 1 2 2v2h-1.5V2a.5.5 0 0 0-.5-.5H8V0h2Z\" \/>\n\t\t\t<\/svg>\n\t\t<\/button><\/figure>\n\n\n\n<div style=\"height:40px\" aria-hidden=\"true\" class=\"wp-block-spacer\"><\/div>\n\n\n\n<h3 class=\"wp-block-heading\">Somos una escuela. Queremos comprar ejemplares de la colecci\u00f3n infantil para escuchar y leer en el aula. \u00bfPodemos beneficiarnos de alg\u00fan descuento?<\/h3>\n\n\n\n<p>As\u00ed es. Queremos que el teatro para la infancia y juventud llegue al mayor n\u00famero de lectores posible. <\/p>\n\n\n\n<p>Por eso, aplicamos un 15% de descuento a las compras realizadas directamente a la editorial por las instituciones educativas. Contactad con nosotros escribiendo a audiolibros@oidaeditorial.com. Si quer\u00e9is que os llamemos, por favor, anotad el nombre del centro, el tel\u00e9fono y la persona de contacto.<\/p>\n\n\n\n<p>Y si prefer\u00eds que sean los alumnos quienes adquieran individualmente sus libros, pod\u00e9is remitirlos a las plataformas y tiendas mencionadas arriba o a la <a href=\"https:\/\/oidaeditorial.com\/index.php\/la-audiolibreria-teatral-oida-editorial\/\"><em>Audiolibrer\u00eda<\/em> Teatral<\/a>.<\/p>\n\n\n\n<div style=\"height:0px\" aria-hidden=\"true\" class=\"wp-block-spacer\"><\/div>\n\n\n\n<div style=\"height:35px\" aria-hidden=\"true\" class=\"wp-block-spacer\"><\/div>\n\n\n\n<figure data-wp-context=\"{&quot;imageId&quot;:&quot;69f6205b29f45&quot;}\" data-wp-interactive=\"core\/image\" data-wp-key=\"69f6205b29f45\" class=\"wp-block-image aligncenter size-full is-resized wp-lightbox-container\"><img data-opt-id=319444336  data-opt-src=\"https:\/\/mlfuar0h46fq.i.optimole.com\/w:auto\/h:auto\/q:mauto\/ig:avif\/https:\/\/oidaeditorial.com\/wp-content\/uploads\/2023\/08\/9788412694024-net-1-scaled.jpg\"  decoding=\"async\" data-wp-class--hide=\"state.isContentHidden\" data-wp-class--show=\"state.isContentVisible\" data-wp-init=\"callbacks.setButtonStyles\" data-wp-on--click=\"actions.showLightbox\" data-wp-on--load=\"callbacks.setButtonStyles\" data-wp-on-window--resize=\"callbacks.setButtonStyles\" src=\"data:image/svg+xml,%3Csvg%20viewBox%3D%220%200%20100%%20100%%22%20width%3D%22100%%22%20height%3D%22100%%22%20xmlns%3D%22http%3A%2F%2Fwww.w3.org%2F2000%2Fsvg%22%3E%3Crect%20width%3D%22100%%22%20height%3D%22100%%22%20fill%3D%22transparent%22%2F%3E%3C%2Fsvg%3E\" alt=\"\" class=\"wp-image-416\" style=\"width:311px;height:311px\"\/><button\n\t\t\tclass=\"lightbox-trigger\"\n\t\t\ttype=\"button\"\n\t\t\taria-haspopup=\"dialog\"\n\t\t\taria-label=\"Agrandar\"\n\t\t\tdata-wp-init=\"callbacks.initTriggerButton\"\n\t\t\tdata-wp-on--click=\"actions.showLightbox\"\n\t\t\tdata-wp-style--right=\"state.imageButtonRight\"\n\t\t\tdata-wp-style--top=\"state.imageButtonTop\"\n\t\t>\n\t\t\t<svg xmlns=\"http:\/\/www.w3.org\/2000\/svg\" width=\"12\" height=\"12\" fill=\"none\" viewBox=\"0 0 12 12\">\n\t\t\t\t<path fill=\"#fff\" d=\"M2 0a2 2 0 0 0-2 2v2h1.5V2a.5.5 0 0 1 .5-.5h2V0H2Zm2 10.5H2a.5.5 0 0 1-.5-.5V8H0v2a2 2 0 0 0 2 2h2v-1.5ZM8 12v-1.5h2a.5.5 0 0 0 .5-.5V8H12v2a2 2 0 0 1-2 2H8Zm2-12a2 2 0 0 1 2 2v2h-1.5V2a.5.5 0 0 0-.5-.5H8V0h2Z\" \/>\n\t\t\t<\/svg>\n\t\t<\/button><\/figure>\n\n\n\n<div style=\"height:19px\" aria-hidden=\"true\" class=\"wp-block-spacer\"><\/div>\n\n\n\n<h3 class=\"wp-block-heading\">Somos una biblioteca virtual. \u00bfC\u00f3mo incorporamos los libros de Oid\u00e0 Editorial al cat\u00e1logo?<\/h3>\n\n\n\n<p>Nos encontrar\u00e9is en <a href=\"https:\/\/market.cantook.com\/recent?lang=all&amp;publisher=Oid%C3%A0+Editorial\">Cantook Market<\/a>, el marketplace de Libranda.<\/p>\n\n\n\n<div style=\"height:25px\" aria-hidden=\"true\" class=\"wp-block-spacer\"><\/div>\n\n\n\n<h2 class=\"wp-block-heading\">M\u00e1s preguntas y dilemas<\/h2>\n\n\n\n<h4 class=\"wp-block-heading\">\u00bfC\u00f3mo es el oyente de audiolibros teatrales? <br>\u00bfNecesito ser lector o lectora de teatro en papel para disfrutar de la escucha?<\/h4>\n\n\n\n<p>El audiolibro permite y facilita la comprensi\u00f3n y el placer de imaginar y emocionarse a personas de cualquier bagaje cultural, lectoras o no. As\u00ed, tratamos de conquistar oyentes de teatro entre los oyentes de toda clase.<\/p>\n\n\n\n<h4 class=\"wp-block-heading\">\u00bfQu\u00e9 recepci\u00f3n tendr\u00e1 el audiolibro teatral a corto, medio y largo plazo? \u00bfSe convertir\u00e1 en una opci\u00f3n de escucha habitual para quienes ya son usuarios de canales y plataformas de distribuci\u00f3n de audiolibros? \u00bfSe sumar\u00e1n a la <em>audiolectura teatral<\/em> los espectadores, lectores y profesionales del teatro? <\/h4>\n\n\n\n<p>La fortuna del audiolibro teatral depender\u00e1 de la visibilidad que consiga y de las complicidades que recabe. <\/p>\n\n\n\n<p>De los lectores y lectoras teatrales que se interesen por escucharlo. <\/p>\n\n\n\n<p>De los oyentes de audiolibros <em>mainstream<\/em> que se atrevan a explorar t\u00edtulos fuera de la corriente mayoritaria. <\/p>\n\n\n\n<p>Cada compra y cada escucha nos ayudan a crecer. <\/p>\n\n\n\n<p>Cada recomendaci\u00f3n y cada art\u00edculo o rese\u00f1a multiplican las posibilidades de que un audiolibro teatral llegue a nuevos o\u00eddos.<\/p>\n\n\n\n<p>Queremos que el audiolibro teatral llegue a lectores de todo el mundo.<br>Que el teatro se cuele por todas las rendijas.<\/p>\n\n\n\n<p>Contamos contigo.<\/p>\n\n\n\n<div style=\"height:40px\" aria-hidden=\"true\" class=\"wp-block-spacer\"><\/div>\n\n\n\n<h4 class=\"wp-block-heading has-text-align-center\">\u00bfTienes otras preguntas? Escr\u00edbenos a editor@oidaeditorial.com<\/h4>\n\n\n\n<div style=\"height:40px\" aria-hidden=\"true\" class=\"wp-block-spacer\"><\/div>\n\n\n\n<h4 class=\"wp-block-heading has-text-align-center\">OID\u00c0 EDITORIAL \u00b7 Audiolibro teatral<\/h4>\n\n\n\n<p><\/p>\n","protected":false},"excerpt":{"rendered":"<p>\u00bfD\u00f3nde compro los audiolibros de teatro de Oid\u00e0 Editorial? En la Audiolibrer\u00eda Teatral de Oid\u00e0 Editorial. Nuestros t\u00edtulos tambi\u00e9n est\u00e1n disponibles en las principales plataformas y librer\u00edas virtuales. Los encontrar\u00e1s en&nbsp; Kobo, Apple Books, Amazon, BookBeat, Casa del Libro, Feedbooks, Storytel, Scribd, Mondadori Store, Librer\u00edas Lectura, FNAC, Ibs, Wook, y Bertrand Livreiros. Ya he comprado [&hellip;]<\/p>\n","protected":false},"author":1,"featured_media":0,"parent":0,"menu_order":0,"comment_status":"closed","ping_status":"closed","template":"","meta":{"footnotes":""},"class_list":["post-426","page","type-page","status-publish","hentry"],"_links":{"self":[{"href":"https:\/\/oidaeditorial.com\/index.php\/wp-json\/wp\/v2\/pages\/426","targetHints":{"allow":["GET"]}}],"collection":[{"href":"https:\/\/oidaeditorial.com\/index.php\/wp-json\/wp\/v2\/pages"}],"about":[{"href":"https:\/\/oidaeditorial.com\/index.php\/wp-json\/wp\/v2\/types\/page"}],"author":[{"embeddable":true,"href":"https:\/\/oidaeditorial.com\/index.php\/wp-json\/wp\/v2\/users\/1"}],"replies":[{"embeddable":true,"href":"https:\/\/oidaeditorial.com\/index.php\/wp-json\/wp\/v2\/comments?post=426"}],"version-history":[{"count":12,"href":"https:\/\/oidaeditorial.com\/index.php\/wp-json\/wp\/v2\/pages\/426\/revisions"}],"predecessor-version":[{"id":745,"href":"https:\/\/oidaeditorial.com\/index.php\/wp-json\/wp\/v2\/pages\/426\/revisions\/745"}],"wp:attachment":[{"href":"https:\/\/oidaeditorial.com\/index.php\/wp-json\/wp\/v2\/media?parent=426"}],"curies":[{"name":"wp","href":"https:\/\/api.w.org\/{rel}","templated":true}]}}